{"id":386,"date":"2019-03-10T23:32:46","date_gmt":"2019-03-10T22:32:46","guid":{"rendered":"http:\/\/www.iut-hse.org\/colloque2019\/?page_id=386"},"modified":"2019-07-25T15:27:52","modified_gmt":"2019-07-25T13:27:52","slug":"tarifs","status":"publish","type":"page","link":"http:\/\/www.iut-hse.org\/colloque2019\/inscription\/tarifs\/","title":{"rendered":"Tarifs"},"content":{"rendered":"\t\t<div data-elementor-type=\"wp-post\" data-elementor-id=\"386\" class=\"elementor elementor-386 elementor-bc-flex-widget\">\n\t\t\t\t\t\t<div class=\"elementor-inner\">\n\t\t\t\t<div class=\"elementor-section-wrap\">\n\t\t\t\t\t\t\t\t\t<section class=\"elementor-section elementor-top-section elementor-element elementor-element-28d1b2ab elementor-section-boxed elementor-section-height-default elementor-section-height-default\" data-id=\"28d1b2ab\" data-element_type=\"section\">\n\t\t\t\t\t\t<div class=\"elementor-container elementor-column-gap-default\">\n\t\t\t\t\t\t\t<div class=\"elementor-row\">\n\t\t\t\t\t<div class=\"elementor-column elementor-col-100 elementor-top-column elementor-element elementor-element-749f920f\" data-id=\"749f920f\" data-element_type=\"column\">\n\t\t\t<div class=\"elementor-column-wrap elementor-element-populated\">\n\t\t\t\t\t\t\t<div class=\"elementor-widget-wrap\">\n\t\t\t\t\t\t<div class=\"elementor-element elementor-element-33dbc46e elementor-widget elementor-widget-text-editor\" data-id=\"33dbc46e\" data-element_type=\"widget\" data-widget_type=\"text-editor.default\">\n\t\t\t\t<div class=\"elementor-widget-container\">\n\t\t\t\t\t\t\t\t<div class=\"elementor-text-editor elementor-clearfix\">\n\t\t\t\t<p><!-- wp:paragraph {\"align\":\"center\"} --><\/p>\n<p style=\"text-align: center;\">Cette ann\u00e9e, Colloque rime avec nouveaut\u00e9 ! Vous avez la possibilit\u00e9 d&rsquo;assister \u00e0 la totalit\u00e9 du Colloque, ou seulement en partie. De ce fait, voici une grille tarifaire qui vous permettra de vous aiguiller.<\/p>\n<p><!-- \/wp:paragraph --><!-- wp:heading {\"level\":3} --><\/p>\n<h3>GRILLE TARIFAIRE COLLOQUE HSE 2019<\/h3>\n<p><!-- \/wp:heading --><!-- wp:table {\"align\":\"center\",\"className\":\"is-style-regular\"} --><\/p>\n<table class=\"wp-block-table aligncenter is-style-regular\">\n<tbody>\n<tr>\n<td><strong>CONDITIONS<\/strong><\/td>\n<td>\n<p><strong>Tarifs <br \/><\/strong><strong>membres d&rsquo;un d\u00e9partement HSE <br \/>et ext\u00e9rieurs non adh\u00e9rents \u00e0 l&rsquo;association des anciens de l&rsquo;IUT de Saint-Denis<br \/><\/strong><\/p>\n<\/td>\n<td>\n<p><strong>Tarifs <br \/><\/strong><strong>Adh\u00e9rents de l&rsquo;Association des Anciens de l&rsquo;IUT de Saint-Denis<br \/><\/strong><\/p>\n<\/td>\n<\/tr>\n<tr>\n<td>Colloque complet<\/td>\n<td>300 \u20ac<\/td>\n<td>260 \u20ac<\/td>\n<\/tr>\n<tr>\n<td>Une Journ\u00e9e d&rsquo;\u00e9tude + repas du soir<\/td>\n<td>150 \u20ac<\/td>\n<td>130 \u20ac<\/td>\n<\/tr>\n<tr>\n<td>Une Journ\u00e9e d&rsquo;\u00e9tude<\/td>\n<td>70 \u20ac<\/td>\n<td>60 \u20ac<\/td>\n<\/tr>\n<tr>\n<td>Une demie-journ\u00e9e d&rsquo;\u00e9tude<br \/>(incluant le repas du midi)<\/td>\n<td>50 \u20ac<\/td>\n<td>40 \u20ac<\/td>\n<\/tr>\n<tr>\n<td>Une matin\u00e9e\/ Un apr\u00e8s-midi (repas non inclus)<\/td>\n<td>15 \u20ac<\/td>\n<td>10 \u20ac<\/td>\n<\/tr>\n<\/tbody>\n<\/table>\n<p><!-- \/wp:table --><\/p>\t\t\t\t\t<\/div>\n\t\t\t\t\t\t<\/div>\n\t\t\t\t<\/div>\n\t\t\t\t\t\t<\/div>\n\t\t\t\t\t<\/div>\n\t\t<\/div>\n\t\t\t\t\t\t\t\t<\/div>\n\t\t\t\t\t<\/div>\n\t\t<\/section>\n\t\t\t\t\t\t\t\t\t<\/div>\n\t\t\t<\/div>\n\t\t\t\t\t<\/div>\n\t\t","protected":false},"excerpt":{"rendered":"<p>Cette ann\u00e9e, Colloque rime avec nouveaut\u00e9 ! Vous avez la possibilit\u00e9 d&rsquo;assister \u00e0 la totalit\u00e9 du Colloque, ou seulement en&hellip; <\/p>\n","protected":false},"author":10,"featured_media":0,"parent":132,"menu_order":3,"comment_status":"closed","ping_status":"closed","template":"","meta":[],"_links":{"self":[{"href":"http:\/\/www.iut-hse.org\/colloque2019\/wp-json\/wp\/v2\/pages\/386"}],"collection":[{"href":"http:\/\/www.iut-hse.org\/colloque2019\/wp-json\/wp\/v2\/pages"}],"about":[{"href":"http:\/\/www.iut-hse.org\/colloque2019\/wp-json\/wp\/v2\/types\/page"}],"author":[{"embeddable":true,"href":"http:\/\/www.iut-hse.org\/colloque2019\/wp-json\/wp\/v2\/users\/10"}],"replies":[{"embeddable":true,"href":"http:\/\/www.iut-hse.org\/colloque2019\/wp-json\/wp\/v2\/comments?post=386"}],"version-history":[{"count":11,"href":"http:\/\/www.iut-hse.org\/colloque2019\/wp-json\/wp\/v2\/pages\/386\/revisions"}],"predecessor-version":[{"id":506,"href":"http:\/\/www.iut-hse.org\/colloque2019\/wp-json\/wp\/v2\/pages\/386\/revisions\/506"}],"up":[{"embeddable":true,"href":"http:\/\/www.iut-hse.org\/colloque2019\/wp-json\/wp\/v2\/pages\/132"}],"wp:attachment":[{"href":"http:\/\/www.iut-hse.org\/colloque2019\/wp-json\/wp\/v2\/media?parent=386"}],"curies":[{"name":"wp","href":"https:\/\/api.w.org\/{rel}","templated":true}]}}